- x + 121. List the prime factors of c(-48).
2473
Let d be (157/(-2) - 1)*(-24)/36. Let i = d - -248. List the prime factors of i.
7, 43
Suppose p + 17 = -4*t, -4*t - 8 = -4*p + 4. List the prime factors of p + -2 + 273 - (-2 + -2).
2, 137
Let r(i) = -26*i + 3*i + 11*i - 2 - 26*i. List the prime factors of r(-3).
2, 7
Let w(j) = j**3 + 10*j**2 - 2*j - 6. What are the prime factors of w(-7)?
5, 31
Let u(x) = 15*x**2 - 8*x + 11. Let y = 18 + -16. List the prime factors of u(y).
5, 11
Let t(f) = -f**3 - 10*f**2 - 8*f + 12. Let q be t(-9). Suppose -24 = -3*c + q*w, -2*c + 14 = -w - 3*w. List the prime factors of c.
3
Let d(u) = 745*u - 175. What are the prime factors of d(1)?
2, 3, 5, 19
Let j(g) = 2*g**2 + 4*g - 23. List the prime factors of j(-13).
263
Let f = 4273 - 2162. What are the prime factors of f?
2111
Let y be (3 + (-7 - -4))/(-2). Suppose -z - 159 = -2*l, -2*z = -l - y*z + 84. What are the prime factors of l?
2, 3, 13
Suppose -2*p + 42 = -7*p - 3*t, p + 12 = 3*t. Let k be (-1)/(3/p) - -1. Suppose 0*s - 4*s + 9 = o, k*o - 3*s = 36. What are the prime factors of o?
3
Suppose l - 5*r = -6*r + 21, 0 = 3*l + 4*r - 66. Let t be (15/(-20))/((-3)/8)*-5. Let u = l + t. List the prime factors of u.
2
Let u = 60 + 9. Suppose t - 4*g = 48, 3*g + 17 = -2*t + u. What are the prime factors of t?
2
Let p = 48 - 35. Let k = p + 1. Suppose 2*w = k + 72. List the prime factors of w.
43
List the prime factors of (1 - -3)*(-18)/(-36) + 765.
13, 59
Suppose -15 = -5*v + 3*r, -3*r + 15 = -2*v - 6*r. Suppose -12*a + 8*a + 20 = v. Suppose 3*u = 100 + a. List the prime factors of u.
5, 7
Let q be (1/1)/(-4 - -7)*12. Suppose -10*k + q*k = -1032. What are the prime factors of k?
2, 43
Suppose -2*s = -0*s. Suppose o + 2*k = -81, 2*o + k + 207 - 30 = s. Let j = -32 - o. What are the prime factors of j?
59
Let a(c) = 713*c**2 + 2*c + 3. List the prime factors of a(-1).
2, 3, 7, 17
Let y = 20 + -10. Suppose -16 = 4*f, 3*f = 4*q - 2*q - y. Let z = 36 - q. What are the prime factors of z?
37
Let i(k) = 96*k - 60. List the prime factors of i(8).
2, 3, 59
Let j = 1 - -3. Let t = -87 - -191. Suppose -w + t = 2*w - 5*a, j*w = 4*a + 128. What are the prime factors of w?
2, 7
Let v(x) = -x + 1. Let h(f) = -12*f + 17. Let w(k) = h(k) - 5*v(k). What are the prime factors of w(-5)?
47
Let x(n) = -42 - 28*n + 12 + 14 + 14. What are the prime factors of x(-4)?
2, 5, 11
Let g(y) = -43*y + 3. Suppose -4*s - 3*w = 1 - 9, 0 = -s - 5*w + 19. List the prime factors of g(s).
2, 23
Let i = -9 - -5. Let w be -14 - (-4 + 5)*i. List the prime factors of ((-6)/w)/((-1)/(-15)).
3
What are the prime factors of 7348/16 + 1 + 3/4?
461
What are the prime factors of (-3382)/76*(-4 - 8)?
2, 3, 89
Let h(n) = n**3 + 3*n**2 + 15*n. List the prime factors of h(8).
2, 103
Suppose -2*g = -9*g + 14. Suppose -g*s + 237 = s. What are the prime factors of s?
79
Suppose -1305 = -95*s + 90*s. What are the prime factors of s?
3, 29
Suppose 0 = 4*i + 5*s + 311 + 398, -530 = 3*i + 2*s. Let k = 38 - i. List the prime factors of k.
2, 107
Let v(g) = 2*g**2 - 9*g - 1. Let u be v(5). Suppose -u*i = y - 3*y - 124, 0 = i + 5*y - 53. List the prime factors of i.
3, 11
Let o(g) = 11*g + 17. Let a(y) = 6*y + 9. Let p(d) = 5*a(d) - 3*o(d). List the prime factors of p(-5).
3
Let i(h) = -h**2 + 12*h - 12. Suppose 4*u - 4 = 24. Let l be i(u). Let m = l - -58. List the prime factors of m.
3
Let m = 2 - 0. Suppose s + 3 - 6 = 0. Suppose -s = t, 45 - 176 = -5*w + m*t. List the prime factors of w.
5
Suppose 0 = -4*c - 5 + 45. Suppose 4*g - 6*g + c = 0. Suppose 0 = -3*b + 12, -f - 28 = -g*f - 3*b. What are the prime factors of f?
2
Let y = -30 - -27. Let m(k) = k**2 + 1. Let n be m(y). Suppose 4*v - n = 3*v + 5*h, -80 = -2*v - 5*h. List the prime factors of v.
2, 3, 5
Let t be ((-21)/14)/(3/(-8)). Suppose -7*m + t*m = -6. Suppose -2*s + 32 = -4*r, -7 = -m*s - 5*r - 20. List the prime factors of s.
2, 3
Suppose 0 = -a - 6 - 4. Let o = a - -19. What are the prime factors of o?
3
Let x = 536 - -250. What are the prime factors of x?
2, 3, 131
Let u = 27 - 15. Suppose -2*r + 4*r = u. Let n = 14 - r. List the prime factors of n.
2
Let r(m) be the third derivative of m**5/20 + m**4/6 - m**3/2 + 3*m**2. Let o be r(2). Suppose 4*j - o = 3*j. What are the prime factors of j?
17
Let y = -2 - 19. Let x = y - -61. What are the prime factors of x?
2, 5
Let o(x) = -x**3 - 3*x**2 - x. Let g be o(-1). List the prime factors of 60 - g/((-4)/(-8)).
2, 31
Let c(u) = u**3 + 31*u + 13 - 27*u + 0*u**3 + 8*u**2. List the prime factors of c(-7).
2, 17
Let v = 42 - 46. List the prime factors of v/(-60)*3 + 327/15.
2, 11
Suppose 5*a - 444 = 56. Let u = a + -47. List the prime factors of u.
53
Suppose s - 33*v - 765 = -38*v, v = 5*s - 3825. What are the prime factors of s?
3, 5, 17
List the prime factors of (-5 + -1 + (-14)/(-2))*371.
7, 53
Suppose 0 = -2*d + 3*l - 2 + 1, d - 16 = -4*l. Suppose c - d*a - 14 = 0, 2*a + a = 2*c - 43. What are the prime factors of c?
2, 13
Let j(s) = 4*s + 387. List the prime factors of j(-32).
7, 37
Let m(s) be the third derivative of -s**6/120 + 3*s**5/20 + 5*s**4/24 + s**3/6 + 6*s**2. What are the prime factors of m(6)?
139
Let u(q) = q**3 - 40*q**2 - 171*q - 43. List the prime factors of u(44).
3, 59
What are the prime factors of ((-2)/(-6))/(-4 + 102285/25569)?
947
Let k(x) = -113*x - 3. List the prime factors of k(-19).
2, 67
Suppose 0*j = 2*j - 12. Suppose 1 = -l + j. Suppose 0*f + l*q = -2*f + 23, 0 = 4*f - 3*q - 85. What are the prime factors of f?
19
Suppose -2*b + 1512 = 5*j - j, 5*b = 3*j + 3780. What are the prime factors of b?
2, 3, 7
Suppose -4*q + 5*g + 3221 = 0, 0 = -4*q - 2*g + 1430 + 1756. List the prime factors of q.
17, 47
Let t be ((-48)/30)/(2/5). Let g = t - -3. What are the prime factors of g - (4 - 28) - -2?
5
Suppose 18*j - 14 = 11*j. Suppose j*d - 141 - 485 = 0. What are the prime factors of d?
313
Suppose -5*y = -3*y - 44. Suppose -y - 20 = -3*f + 4*z, 4*f - 2*z = 56. List the prime factors of f.
2, 7
Suppose -3*a - 6 = -0*a + 4*w, a - 4*w - 14 = 0. Suppose 30 = h - a*h. List the prime factors of h/(-3) + (3 - 2).
11
Let b be (6/10)/((-2)/(-10)). Suppose -2*g - 4 = 4*y, -2*y - 7 = -g + b. Suppose g*a - 44 - 100 = 0. List the prime factors of a.
2, 3
Suppose 0 = 18*v + 9*v - 58374. What are the prime factors of v?
2, 23, 47
Let g(x) = -8*x + 27. Let p be g(3). What are the prime factors of (26/p)/((-2)/(-66))?
2, 11, 13
Suppose 12*l - 7*l - 1930 = 0. List the prime factors of l.
2, 193
Suppose -w + 3*k = 2*w + 12, -5*w = -3*k + 24. List the prime factors of 2/(-16)*w*296.
2, 3, 37
Let c(n) be the third derivative of -1/120*n**6 - 1/6*n**3 - 4*n**2 + 1/6*n**4 + 1/30*n**5 + 0*n + 0. List the prime factors of c(3).
2
Let h = 86 + -81. Suppose h*r = 165 + 420. What are the prime factors of r?
3, 13
Let s(v) = -v**3 + 4*v**2 + 4*v - 13. Let w be s(4). Suppose -77 = -w*r + 316. What are the prime factors of r?
131
Let x(y) = 2*y**3 + 44*y**2 - 15*y + 11. What are the prime factors of x(-22)?
11, 31
Suppose 10 = -i - 4*q, 3*i + 4*q = -q + 5. Suppose -460 = -i*l + 5*l. List the prime factors of l.
2, 23
Let w(l) be the first derivative of -l**3/3 - 13*l**2 + 5*l - 25. List the prime factors of w(-16).
3, 5, 11
Let g = 1408 + -793. List the prime factors of g.
3, 5, 41
Suppose -2*d - 4*q = -5270, -4*q - 13211 = -5*d - 5*q. List the prime factors of d.
3, 881
Let v = -43 - -561. List the prime factors of v.
2, 7, 37
Suppose -16*q + 22759 = -8393. List the prime factors of q.
3, 11, 59
Let b = -20 + 73. Let p = b - -16. What are the prime factors of p?
3, 23
Suppose -108 = -2*u - t, 2*t - 3*t = -2*u + 100. Suppose -3*s = -4*s + u. Suppose 0 = 2*y - 7*y - 4*p + 284, y - 4*p - s = 0. List the prime factors of y.
2, 7
Suppose 0*v + v - 5 = 0, -5*k - 5*v = -15. Let s be k + 4 + 2 + -2. List the prime factors of -46*(-4)/16*s.
23
Suppose -3*z - 20 = -5*j, 3*z = j - 4*j + 12. Suppose -3*r - 8 = -4*t, 3*r - 22 = -2*t - z*r. Suppose c - 22 = -t. What are the prime factors of c?
17
Let z(q) = q**2 - q. Suppose 4 = d - 1. Suppose 3*b + 20 = -5*w + 2, d*b + 5*w + 20 = 0. What are the prime factors of z(b)?
2
Let p(o) = 36*o - 149. List the prime factors of p(10).
211
Suppose -37 = -11*p - 4. What are the prime factors